what is 21 - 2000?
-1202
In base 6, what is 204 - -5?
213
In base 9, what is -37 - -1627?
1580
In base 15, what is 112d + 5?
1133
In base 2, what is -11110110 + 110?
-11110000
In base 14, what is -2 + -1a40?
-1a42
In base 15, what is -2c0 + 4?
-2bb
In base 9, what is 3 - 175?
-172
In base 11, what is -6 - -597?
591
In base 6, what is 2 + 45?
51
In base 10, what is -10 - -6?
-4
In base 4, what is -20133 - 21?
-20220
In base 13, what is -8a + -b?
-98
In base 6, what is -35 + -151?
-230
In base 14, what is -6 + 4?
-2
In base 2, what is 111011000 + 11?
111011011
In base 11, what is 0 - -2915?
2915
In base 4, what is 1131 + -11?
1120
In base 14, what is 0 + 58?
58
In base 13, what is 986 - 6?
980
In base 3, what is 1002 + -111?
121
In base 11, what is 27 + 972?
999
In base 8, what is 2 - 15?
-13
In base 9, what is -1480 + -11?
-1501
In base 15, what is 2 + -b50?
-b4d
In base 14, what is 29 - 6?
23
In base 15, what is 1b - -12?
2d
In base 15, what is -8 - 274?
-27c
In base 6, what is -10413 + 20?
-10353
In base 13, what is -1 + 127?
126
In base 16, what is 5 + 31?
36
In base 6, what is -125 + 145?
20
In base 3, what is -2 - 1010?
-1012
In base 15, what is 5 + 3c?
42
In base 12, what is -12 - -a?
-4
In base 8, what is -5 + -10473?
-10500
In base 2, what is 100010 + 110?
101000
In base 11, what is 39 + 4?
42
In base 10, what is -65 + -14?
-79
In base 6, what is -30513 + -1?
-30514
In base 13, what is 10 - -19?
29
In base 9, what is 4 - 658?
-654
In base 8, what is -130 - 5?
-135
In base 5, what is 1 + 1100?
1101
In base 3, what is 1020221 - -21?
1021012
In base 5, what is 100 + 2424?
3024
In base 12, what is -2 - 16b?
-171
In base 5, what is 1 + -110?
-104
In base 3, what is -2010 + 0?
-2010
In base 3, what is 1 + -21200?
-21122
In base 8, what is -3 + -1526?
-1531
In base 7, what is -1121 + 4?
-1114
In base 12, what is -5 - 2a?
-33
In base 9, what is 830 - -4?
834
In base 16, what is -5 + 75f?
75a
In base 9, what is -5 - -3175?
3170
In base 2, what is 0 - 101?
-101
In base 4, what is 3 + 3101?
3110
In base 8, what is -43 - 102?
-145
In base 4, what is 22231 - 100?
22131
In base 10, what is -48 + 180?
132
In base 5, what is 10 + -12414?
-12404
In base 12, what is 20 - 50?
-30
In base 4, what is 1 + -1333?
-1332
In base 2, what is 110 + 101101000?
101101110
In base 9, what is -1 - -255?
254
In base 8, what is -5456 - -5?
-5451
In base 9, what is 1 + -2330?
-2328
In base 4, what is 3110130 - 11?
3110113
In base 8, what is 0 - 32?
-32
In base 8, what is -1 + -54?
-55
In base 3, what is -102212 - 2?
-102221
In base 12, what is -25 + 4?
-21
In base 12, what is 52 - 41?
11
In base 12, what is 737 + -13?
724
In base 10, what is -3 - 128?
-131
In base 5, what is -2 + -3104?
-3111
In base 14, what is -36 - 0?
-36
In base 11, what is -2 - -87?
85
In base 15, what is -1 + -c?
-d
In base 5, what is -2 - -242?
240
In base 3, what is 1210112 + 0?
1210112
In base 2, what is 0 - 11100?
-11100
In base 13, what is 2b0 - 4?
2a9
In base 12, what is 123 - 5?
11a
In base 4, what is 210 - 3110?
-2300
In base 9, what is -162 - 251?
-423
In base 8, what is 2 + 635?
637
In base 10, what is -2 + 26?
24
In base 3, what is -11 + 10011?
10000
In base 13, what is -3 + -1a4?
-1a7
In base 6, what is 303221 + -4?
303213
In base 8, what is 46 + 6?
54
In base 2, what is -1 + -110000111000?
-110000111001
In base 11, what is 0 + 2143?
2143
In base 10, what is 3 + 270?
273
In base 5, what is 2 + 1130?
1132
In base 15, what is 6 - dc?
-d6
In base 13, what is 5 + -43?
-3b
In base 10, what is -1 + -806?
-807
In base 12, what is -2 + -62?
-64
In base 16, what is 2c + -13?
19
In base 2, what is 1110 + 11000110?
11010100
In base 13, what is 487 + -3?
484
In base 13, what is 2448 - 1?
2447
In base 13, what is 4 + -3c?
-38
In base 14, what is 2508 - 1?
2507
In base 14, what is -4 - -2d09?
2d05
In base 12, what is -1 + -1a3?
-1a4
In base 4, what is -203320 - -11?
-203303
In base 10, what is -67 + -5?
-72
In base 7, what is 64 - -23?
120
In base 7, what is -1 + -445?
-446
In base 3, what is 10 - -1212?
1222
In base 4, what is 0 - 1013?
-1013
In base 7, what is 24365 - 0?
24365
In base 4, what is 11 - -1102?
1113
In base 10, what is -6 - 8?
-14
In base 13, what is 436 - a?
429
In base 13, what is 195 - 4?
191
In base 6, what is -5234 - -2?
-5232
In base 16, what is -a + 284?
27a
In base 14, what is 11 - 441?
-430
In base 11, what is -5 - -7a7?
7a2
In base 6, what is 23 + 441?
504
In base 2, what is 100 - 1100100?
-1100000
In base 13, what is 18 + -9?
c
In base 13, what is -5 - 10?
-15
In base 15, what is 3e3 + -2?
3e1
In base 5, what is -3 + -121?
-124
In base 9, what is 4 - -637?
642
In base 8, what is -7654 - 1?
-7655
In base 15, what is 39 + 5?
3e
In base 5, what is -1 + 1241?
1240
In base 12, what is 8 - -a4?
b0
In base 13, what is -205 + 5?
-200
In base 9, what is -2 - -45?
43
In base 7, what is -1256 - 3?
-1262
In base 3, what is -2022 + -1222?
-11021
In base 14, what is a + -17?
-b
In base 8, what is -127 + -1?
-130
In base 11, what is -71a + -2?
-721
In base 12, what is -1 - 914?
-915
In base 3, what is -121220 - 10?
-122000
In base 9, what is -33 - 15?
-48
In base 15, what is -1 - -576?
575
In base 6, what is 3 + -1132?
-1125
In base 7, what is 1 - -20125?
20126
In base 5, what is -2001221 + -2?
-2001223
In base 7, what is 11630 - 3?
11624
In base 15, what is -5 + 78?
73
In base 11, what is 5 - -60?
65
In base 2, what is 101 - 100000?
-11011
In base 6, what is 541 + 1?
542
In base 10, what is -3846 - -3?
-3843
In base 13, what is 5 - -415?
41a
In base 15, what is -1 + -d77?
-d78
In base 16, what is 4 + -e?
-a
In base 13, what is 61 - -c?
70
In base 12, what is 5 + 1342?
1347
In base 7, what is 1 - -25446?
25450
In base 15, what is 0 + -200?
-200
In base 11, what is -1a4 + -5?
-1a9
In base 6, what is 3 - 202?
-155
In base 7, what is 30 - 0?
30
In base 2, what is 10010011000 + 11?
10010011011
In base 5, what is -1 - -120?
114
In base 12, what is 10 - 11?
-1
In base 12, what is 4 + -78?
-74
In base 2, what is 100 - 110110011111?
-110110011011
In base 7, what is 23 + -101?
-45
In base 2, what is 110011111 - 11010?
110000101
In base 2, what is 11 - 1001010?
-1000111
In base 9, what is 1 + -1184?
-1183
In base 3, what is 12 - 10022120?
-10022101
In base 2, what is -10111110 - 100?
-11000010
In base 5, what is 1311 - -1?
1312
In base 16, what is f98 - -1?
f99
In base 9, what is -5 + -353?
-358
In base 8, what is 24734 - 3?
24731
In base 9, what is -4 - -1601?
1586
In base 15, what is -22 + -3?
-25
In base 11, what is -2 + 3?
1
In base 7, what is 2 + 155?
160
In base 6, what is -22 - 22?
-44
In base 13, what is 1a - -4?
21
In base 7, what is 5 + 6?
14
In base 7, what is -116 - -405?
256
In base 11, what is -7 + 1?
-6
In base 9, what is -16 + 5?
-11
In base 16, what is 5 + -39?
-34
In base 14, what is -a1 - 5?
-a6
In base 4, what is 1100 - 12?
1022
In base 14, what is -5 - -59?
54
In base 16, what is -28 - 2?
-2a
In base 9, what is -3 + 17?
14
In base 4, what is 2 + 312112?
312120
In base 11, what is 14 - -17?
30
In base 14, what is -a + -d?
-19
In base 16, what is dd + 2?
df
In base 9, what is 3 + 7?
11
In base 16, what is -940 + 2?
-93e
In base 10, what is 0 - 101?
-101
In base 15, what is -3 - ac?
-b0
In base 5, what is 1112 - 132?
430
In base 4, what is -23 + 10123?
10100
In base 2, what is -11000110 - -1100?
-10111010
In base 15, what is -15 + 1e?
9
In base 14, what is a + -6?
4
In base 9, what is -35 + -12?
-47
In base 10, what is -78 + -6?
-84
In base 4, what is -11 + -12?
-23
In base 2, what is 110000100101111 - 11?
110000100101100
In base 10, what is -1402 + 0?
-1402
In base 5, what is 222130 - 1?
222124
In base 8, what is -11 + -112?
-123
In base 5, what is 24320 - -3?
24323
In base 12, what is -1 + -92b?
-930
In base 4, what is -232231 - -2?
-232223
In base 6, what is 25231 + -5?
25222
In base 5, what is 203 + 0?
203
In base 16, what is 2 + 2ca?
2cc
In base 13, what is -95 - 30?
-c5
In base 14, what is -9 - -189?
180
In base 13, what is -1 - -5a9?
5a8
In base 3, what is -22 + -21?
-120
In base 8, what is 1164 + 0?
1164
In base 6, what is 22 - 411?
-345
In base 4, what is -103 + 33?
-10
In base 16, what is 5 + 526?
52b
In base 2, what is 100101000111 - -1?
100101001000
In base 7, what 